)/3. Let b = s - p. Calculate the remainder when b is divided by 17.
10
Calculate the remainder when 237 is divided by ((-10)/(-6) + 1)*(-306)/(-68).
9
Let w = -11644 - -11648. What is the remainder when 818 is divided by w?
2
Let t = -37 + 75. Let o(d) = -10*d. Let y be o(-15). Suppose s = 2*s - y. What is the remainder when s is divided by t?
36
Suppose 2339 = 51*k - 4459 - 4473. What is the remainder when k is divided by 36?
5
Let p be (30/(-6) + 8)*15. Let g = 7 + p. What is the remainder when 102 is divided by g?
50
Suppose 5*b = 4*s - 16, -2*s + 7 = 3*b - 1. Suppose b = -4*z + 2*z + 4*n + 32, 2*z - 17 = -n. Let h = 123 + -85. Calculate the remainder when h is divided by z.
8
Let l(u) = -2*u**3 - 5*u**2 - 2*u - 7. Let p be l(-4). Let c = p + -43. Let s(t) = 18*t - 2. What is the remainder when s(c) is divided by 37?
32
Suppose t - 2*f - 61 = 0, f + 5 = 2*f. Suppose 78*x - t*x = 63. Calculate the remainder when 17 is divided by x.
8
Suppose 5*o + 5*z - 63 = 37, 18 = o + 3*z. What is the remainder when (10/4 + -6)/((-6)/240) is divided by o?
14
Suppose 16*f - 12*f + 793 = 5*y, -5*y + 790 = -5*f. Calculate the remainder when 300 is divided by y.
139
Suppose -13*d - 2*c = -765 + 313, -3*d + 3*c + 87 = 0. Suppose -5*s - 2*y + 100 = 0, 0 = -0*s + 2*s + y - 41. What is the remainder when d is divided by s?
16
Suppose -33*s - 8*s = -100573. What is the remainder when s is divided by 27?
23
Suppose -125*k + 128*k - 3570 = 0. Calculate the remainder when 2386 is divided by k.
6
Suppose t - 93 = 3*j, 0 = t - 0*j - j - 83. Let r be 4/(-6)*1*t/(-4). Let b = r - 11. What is the remainder when 17 is divided by b?
1
Suppose 0 = -3*k - 0*k - 3*q - 912, k + 5*q + 284 = 0. Let m(r) = -55*r - 423. Let u be m(-4). Let b = u - k. What is the remainder when b is divided by 27?
25
What is the remainder when (-7)/(-21)*39 - -1679 is divided by 113?
110
What is the remainder when (-8303)/(-55) - 712/(-19580) is divided by 9?
7
Calculate the remainder when 29 is divided by 13 - 3/4*((-13 - -13) + -4).
13
Calculate the remainder when 25/(75/24) - -1455 is divided by 122.
121
What is the remainder when 263 is divided by 22/6 + (-2989)/(-183)?
3
Let a(w) = 2*w**2 + 34*w + 8. Let q be a(-17). Suppose -4*x - 166 = -i, 10*i - 308 = q*i - 4*x. What is the remainder when i is divided by (-2 + 25)*(0 + 1)?
20
Suppose 5*z + 6*t = 3*t - 1102, -230 = z + 3*t. Let j = 277 + z. Suppose 3*r - s = 44, r + 0*s - 14 = s. What is the remainder when j is divided by r?
14
Let i(o) = -2*o**3 + 68*o**2 + 32*o - 28. What is the remainder when i(34) is divided by 76?
72
Let j = 252 + -640. Let b = 577 + j. Let f = 72 + -24. Calculate the remainder when b is divided by f.
45
Let f(q) = q**3 - 15*q**2 + 3*q + 311. What is the remainder when f(0) is divided by 77?
3
Let g(u) = u**2 - 28*u - 130. Let w be g(32). Calculate the remainder when 128 is divided by ((-30)/50)/(w/(-110)*-1).
29
Let s = 8517 + -8438. Calculate the remainder when 541 is divided by s.
67
Suppose 4*h = 8, 166 = -3*r + 5*r + 5*h. Suppose -26*j + 10*j = -9552. Let n = -556 + j. Calculate the remainder when r is divided by n.
37
Let s(i) = 520*i + 128. What is the remainder when s(2) is divided by 106?
2
Suppose -4*m - 4 = w, 0 = -3*w - 2*w - 4*m + 12. What is the remainder when 108/5 - (w/(-10))/1 is divided by (19 - 13)*((-8)/(-3) + -2)?
2
Let o = -571 + 575. Suppose 0 = -5*z + 5*v + 230, -o*v = -z - v + 50. What is the remainder when z is divided by 25?
19
Suppose -124 + 1084 = 12*t. Suppose u - t = 1342. What is the remainder when u is divided by 95?
92
Suppose 0 = -14*j + 1050 - 882. Calculate the remainder when 2675 is divided by j.
11
Suppose -5*b + 688 - 2563 = 0. Let m = -230 - b. Suppose -131 - m = -4*u. Calculate the remainder when u is divided by 12.
9
Suppose k - 6*q = -q + 166, 3*q + 160 = k. Let a = 625 - 581. What is the remainder when k is divided by a?
19
Let t be 2/(-7) + 14077/49. Suppose 21*f + 98 = t. Suppose 0 = -2*n - 4*v - 12, -n + 5*v = 4*n - 30. What is the remainder when f is divided by n?
1
Let t(b) = -90*b - 65. Let y be t(-5). Let v = y - 302. Let s(n) = -6*n + 7. What is the remainder when v is divided by s(-6)?
40
What is the remainder when 699 is divided by (2*63/(-36))/((-2)/124)?
48
Suppose 4*s - 314 = -t, 7*t - 3*t = -8. Calculate the remainder when 231 is divided by s.
73
Let h(b) = -668*b**2 + 5443*b - 5. Calculate the remainder when h(8) is divided by 47.
35
What is the remainder when (-50586)/(-48) - 1/(-8) is divided by (-1)/(-3) + 2 + (-130)/(-6)?
22
Let f = 5378 + -5337. Calculate the remainder when 1147 is divided by f.
40
Let p = 1 + 25. Suppose 3*s = 519 - 150. Calculate the remainder when s is divided by p.
19
Suppose 4*r + 3*y + 24 = 0, -10 = -r - 5*y + 1. Let k(p) = -14*p - 111. Calculate the remainder when 21 is divided by k(r).
6
Suppose -3*u = -5*u + 224. Suppose 2 = 3*k - u. Calculate the remainder when k is divided by 2*11/66*30.
8
Suppose 19*b - 51 = 2*b. Suppose 4 = -m, -4*m = -3*s + 79 - b. Suppose 4*o = s, -4*o = 5*g + 26 - 76. Calculate the remainder when 77 is divided by g.
5
What is the remainder when 273 is divided by 30/(-9) - (-12)/6 - 6992/(-114)?
33
Suppose -3*z - 2*g - 331 = 2*g, -3*g - 222 = 2*z. Let q = z - -33. Let y = -56 - q. Calculate the remainder when 19 is divided by y.
3
Suppose -j - 1 = 4*o - 8*o, 5*j + 5 = -2*o. Let c(p) = p + 9. Let x = -343914 + 343956. Calculate the remainder when x is divided by c(o).
6
Let g = 24 - 16. Let n = 281 + -275. Calculate the remainder when g is divided by n.
2
Let w be 1293/9 - (-4 - 84/(-18)). Suppose 460*i = 459*i + w. What is the remainder when i is divided by 25?
18
Let b(l) = l + 5. Let n be b(-6). Let j(m) = -m**2 - 5*m + 27. Let i be j(3). Calculate the remainder when i - (n + 1 + 3 + -11) is divided by 7.
4
Suppose 9*c + 104 = 35*c. Calculate the remainder when -16*(-14)/c - 4 is divided by 18.
16
Let l(h) = -24 + 50 + 34*h - 29. Let o be l(2). What is the remainder when 136 is divided by ((-598)/o)/(4/(-10))?
21
Suppose -8*o = -216 + 56. Suppose 0 = -5*a + a - o, 2*q - 14 = 2*a. Suppose 90 = q*f - 246. Calculate the remainder when f is divided by 34.
32
Let t = 7 - -13. Suppose -u = -3*y - 0 + 18, 0 = y - 5*u - t. Calculate the remainder when 19 is divided by y.
4
Let p be (130/(-52))/(2/(-4)). Suppose -7*t + 12*t = 0, p*n = 5*t + 245. Let c(m) = 4*m**2 - 7*m + 5. What is the remainder when c(-6) is divided by n?
44
Let y = 74 - 11. What is the remainder when y is divided by 6/(-4)*2/(-12) - (-891)/324?
0
Suppose 0 = 22*v - 201 - 19841. Calculate the remainder when v is divided by 49.
29
Suppose 3*f - f = -4*u + 30, 4*u = -5*f + 99. Suppose -5*y - f = -128. Suppose 2*q - 5*v - 73 = q, 0 = -v + 1. What is the remainder when q is divided by y?
15
Let n = 23 + -14. Suppose 4*s + 0*q = -5*q + 30, -s - 2*q + n = 0. Suppose 8*z - 45 = s*z. What is the remainder when 41 is divided by z?
11
Suppose -4422 = -12*i + 75462. What is the remainder when i is divided by 60?
57
Suppose 3*x - 3 = -198. Let t = -62 - x. Suppose 4*a = -2*j + 254, t*a - 193 = 7*j - 8*j. Calculate the remainder when a is divided by 17.
15
Let t be (-6)/(-33) - 600/33. What is the remainder when 8 is divided by 146/18 - (-2)/t?
0
Let c be (-2)/((4/8)/1). Suppose -5*q - 17 = -n + 6, -202 = -5*n - 4*q. What is the remainder when n is divided by 148/10 + c/(-20)?
8
Suppose 193 = 3*p - 4*z, 19*z + 14 = 17*z. Calculate the remainder when 453 is divided by p.
13
Let n = -2785 + 2869. Calculate the remainder when 3611 is divided by n.
83
Let s be (-10)/20 - -14*212/16. Let d = s + -163. What is the remainder when 570 is divided by d?
20
Let l(a) = 2*a + 2. Let t be l(3). Let m(h) = -t*h - 23 + h**3 + 33 + 5*h**2 - 20. Calculate the remainder when 207 is divided by m(-5).
27
Let o(f) = 8*f**2 - 11*f + 43. Let z be ((-10)/2 + (-17 - -21))*-5. What is the remainder when o(z) is divided by 49?
41
Let b be 9802/(-208) - (-1)/8. Let n = 185 + b. Calculate the remainder when n is divided by 18.
12
Let w = -17 + 39. Suppose 2*r + 6 = -2*a, 8*r - 10*r - 6 = -a. Suppose -4*h = -2*h - 3*i - 74, a = 2*h + i - 82. Calculate the remainder when h is divided by w.
18
Suppose 0 = -4*m + 20, -164 = -3*x - m - 3*m. Let q = 5 - 3. Suppose 4*i - 26 = q*i. Calculate 